e 9 + 6*(-3)/6. Let k be (-5)/(-1 + (-296)/(-336)). Calculate the highest common factor of k and q.
6
Let d = 20 + -11. Suppose 4*n - 41 = c - 4*c, d = n + 2*c. What is the greatest common factor of 99 and n?
11
Let y = 984 + 28. What is the greatest common factor of y and 44?
44
Let s be 122/8 - 1/4. Let t = -674 - -704. What is the highest common divisor of s and t?
15
Let f(t) = -t**3 + 5*t**2 + 16*t - 8. Let m be f(7). Calculate the greatest common divisor of 15 and m.
3
Suppose -t = -6*t - 30. Let g(f) = 20*f - 4. Let r be g(t). Let c = -82 - r. What is the greatest common divisor of 28 and c?
14
Suppose -7*o = -258 - 638. Suppose -v - 3*v = -o. What is the highest common divisor of 8 and v?
8
Let n be -24*2*((-44)/12)/11. Suppose -4*h - 259 = -771. What is the greatest common divisor of h and n?
16
Let s be (-12 + (-702)/(-63))*70/(-3). Suppose -4 = -t - 0. Suppose -t*b - 12 = g, 0*g = 5*g - 2*b - 28. Calculate the highest common factor of g and s.
4
Let g = 98 - 67. Calculate the greatest common divisor of g and 155.
31
Let t = 61 + -51. What is the highest common factor of 5 and t?
5
Let y = -100 + 102. Let m be (-6*8/(-28))/(y/21). What is the greatest common factor of m and 288?
18
Suppose 8*d + 10 = 13*d. Let u be 15 - -2*(0 - 2). Let k = -7 + u. Calculate the greatest common factor of d and k.
2
Suppose -4*p = -0*p + v - 32, p + 3 = -3*v. Suppose -9 = -o + 2*d, 5*o = 4*d + 28 - 1. Calculate the highest common divisor of p and o.
3
Let s = 247 - 230. Let g(x) = -x**2 + 9*x - 1. Let u be g(6). What is the highest common factor of u and s?
17
Suppose 2*a = 6*a - 8. Suppose 5*q + 4*c - 1 = 0, 0 = a*q - 0*q + 4*c + 2. Calculate the highest common factor of q and 1.
1
Suppose -9*n + 3134 = -754. What is the greatest common factor of 240 and n?
48
Suppose 2*i - 9524 = -w + 6*w, -4*w - 14279 = -3*i. What is the highest common factor of 71 and i?
71
Suppose 24*d - 30*d - 60 = 0. Let x be (-1*(-2)/3)/(d/(-165)). What is the greatest common factor of x and 11?
11
Suppose 4*q + 0*q - 16 = 0. Let p = q + -2. Suppose -2*k - f - 3*f = -124, -p*k + 128 = 5*f. What is the highest common factor of k and 9?
9
Let t be (-1*1)/(2/64*-4). What is the highest common factor of t and 60?
4
Let a = 80 + -15. Calculate the highest common divisor of a and 20.
5
Suppose 5*b - h - 240 = 0, h + 95 + 49 = 3*b. Calculate the highest common divisor of b and 696.
24
Let v be (1 - -1) + -3 + 12. Let r(t) = 4*t**2 - 7*t - 4. Let l be ((-24)/10 - -2)/(2/20). Let x be r(l). Calculate the greatest common divisor of x and v.
11
Suppose 2*a - 3*a = b - 16, -3*b + 48 = -3*a. Suppose 52 = -2*l + 6*l. Let z = -5 + l. Calculate the greatest common divisor of b and z.
8
Let w = -47 + 51. Suppose -2*i + 5*r = -185, 2*i = 2*r + 166 + w. Calculate the highest common factor of 20 and i.
20
Let x = 33 - 24. Suppose 0 = k - 15 + x. Let i(m) = m - 4. Let v be i(6). What is the greatest common factor of v and k?
2
Let k = -583 - -586. What is the highest common factor of k and 3?
3
Let r be 555/18 + ((-10)/(-12))/5. Let g = 51 - r. Calculate the highest common factor of g and 300.
20
Suppose -50 = 3*y - 8*y. Let j = y - 3. Suppose c - j = -1. What is the highest common divisor of c and 3?
3
Let f = -46 + 14. Let p be (-54)/(-4)*f/(-3). Let b be (-27)/(3*1/(-2)). Calculate the highest common factor of p and b.
18
Let p be (168/(-16))/(2/(-8)). Let v be 9/(-3)*14/(-3). Suppose 3*l = 3*g + p, -l - 3*g = -2*g - v. What is the greatest common divisor of l and 7?
7
Suppose 0 = -3*y + r + 13, 0*r = 3*r - 6. Suppose -z + 21 = y*k, z = 2*z - 5*k - 31. What is the highest common divisor of z and 26?
26
Let x = -21 - -29. Suppose c = -x + 11. Calculate the highest common divisor of c and 9.
3
Suppose 3 = -d + 7. Suppose -39 = -2*t + 3*f, d*f = -t + 3*f + 12. Let x(q) = q**2 - 1. Let p be x(-4). Calculate the highest common divisor of t and p.
15
Suppose 3*a - 3*c = -4*c + 21, 3*a - 33 = 3*c. Let k = -302 + 390. What is the greatest common factor of k and a?
8
Let q = 9 - 5. Let u be 18*8*q/6. Let b(c) = -13*c**3 - c**2 - c - 1. Let m be b(-1). Calculate the greatest common divisor of u and m.
12
Let n be (6 - 132/18)*-3. What is the greatest common factor of n and 8?
4
Suppose -15 - 41 = -4*f. Let j(k) = k**2 - k - 12. Let i be j(f). What is the greatest common factor of 68 and i?
34
Suppose -9*p - 1307 = -1676. What is the greatest common factor of 164 and p?
41
Let q(s) = 4*s**2 - 17*s + 60. Let t be q(12). What is the greatest common divisor of 54 and t?
54
Let l(u) = 3 - 1 - 2 - 6 + 8*u. Let p be l(6). Calculate the highest common divisor of p and 28.
14
Suppose 8 = -2*u + 6*u. Suppose -o - 3*o + 2*p = -250, -u*p = 4*o - 230. Calculate the greatest common divisor of o and 12.
12
Suppose -s = 2*g - 4*s + 51, s - 23 = g. Let b be ((-9)/(-5))/(g/(-150)). Calculate the highest common factor of b and 120.
15
Suppose -9*u - 9 = -162. Let z be -2 + 2*(-34)/(-4). Let m = u - z. What is the highest common factor of 4 and m?
2
Let s be (4/8)/((-3)/18) + 13. Calculate the greatest common factor of s and 28.
2
Let i(h) = -13*h - 9. Let f be i(-9). What is the greatest common divisor of 27 and f?
27
Let z(y) = -9*y - 1. Let c(u) = -u**2 + 7*u - 6. Let x be c(6). Suppose 2*v + x*v = -2. Let h be z(v). Calculate the greatest common divisor of 56 and h.
8
Suppose -2*n + 679 = 651. Calculate the highest common factor of 77 and n.
7
Let k be -1 + 20/((-5)/(-1)). Suppose -k*n = -2*t - 3, -n + 2*t - t = 0. Calculate the highest common factor of n and 3.
3
Let k = -52 - -54. Suppose -3*v + k*u + 154 = -v, 4*v + 2*u - 332 = 0. Calculate the greatest common factor of 27 and v.
27
Suppose 13*p + 39*p = 1404. Calculate the greatest common divisor of 108 and p.
27
Let t = -21 - -25. Let i(v) = 47*v + 87*v - t + 186*v + 3. Let h be i(1). Calculate the highest common factor of 29 and h.
29
Suppose -435 = 9*h - 6*h. Let b = -125 - h. Suppose 175 + 115 = 3*p + 5*t, -2*t - 4 = 0. What is the highest common divisor of p and b?
20
Let p = 496 + -154. What is the greatest common factor of 9 and p?
9
Suppose -2*k + 3 - 5 = -3*g, -4*k = -2*g - 12. Suppose -k*x - 849 = -3*s - 2*x, -2*x = 4*s - 1150. Calculate the greatest common divisor of s and 26.
26
Suppose -5*l = -s + 6*s - 520, -s + 89 = -2*l. Calculate the highest common factor of s and 22.
11
Suppose 37*s - 34325 - 27243 = 0. What is the greatest common divisor of s and 13?
13
Let i = -415 - -525. What is the greatest common factor of 80 and i?
10
Let o = 1644 - -1356. What is the greatest common divisor of 24 and o?
24
Let b(f) = -f + 12. Let d be b(-5). Let n be -1*(1 + 2) - d. Let k be (16/10)/((-8)/n). What is the greatest common divisor of k and 28?
4
Suppose -7 = -13*t + 12*t. Calculate the greatest common factor of t and 112.
7
Suppose u - 35 + 99 = 0. Let w be (-276)/3*1 + 0. Let a = u - w. Calculate the highest common factor of 7 and a.
7
Suppose 0 = 13*c - 4*c - 2925. What is the highest common divisor of 13 and c?
13
Let l(u) = -8*u - 104. Let x be l(-16). Calculate the greatest common factor of 3 and x.
3
Let r(w) = 9*w**2 + 44*w + 180. Let b be r(-4). What is the greatest common divisor of 333 and b?
37
Let j be (33/(-22))/((-3)/68). Let a = j + -22. What is the greatest common factor of 12 and a?
12
Suppose -4*w = 3*a - 10292, 0 = 3*a + 20 - 8. Calculate the greatest common divisor of 46 and w.
46
Suppose 0 = -x + 3*x - 8. Let n be 14360/180 - 3/((-54)/4). What is the greatest common factor of n and x?
4
Let a(o) = 14*o - 4. Let n be a(5). Suppose 0 = s - 6*s + 25. Suppose -s*u + 55 = -0*u. What is the highest common factor of u and n?
11
Let u = -43 + 81. Let m(n) = n**3 + 21*n**2 + 14*n - 44. Let b be m(-20). Calculate the greatest common divisor of u and b.
38
Let t = 725 + -482. Let r = -18 - -45. What is the greatest common divisor of r and t?
27
Let m be (10 + 620/(-50))*(-10)/6. Let r(x) = -3 + 6*x**2 + 9 + 5*x - 2*x**3 + x**3. Let l be r(6). What is the greatest common factor of l and m?
4
Suppose 0 = -3*k - 2*k + 45. Let i = -74 - -79. Let v be (9/i)/(57/(-15) + 4). Calculate the greatest common divisor of k and v.
9
Suppose -m + 6 = 2*r, 0*m - 5*r = -3*m - 4. Suppose o - 6 = -6*f + 2*f, 3*f = -m*o + 2. Calculate the highest common divisor of f